re the prime factors of u?
3, 277
Let q(p) = 3*p**3 - 12*p**2 - 72*p - 9. List the prime factors of q(10).
3, 7, 17
Let z be (-14)/(-6)*126/147. Suppose 15 = l + 3*f + 2, 0 = 4*l + f - 85. Suppose l = z*o + 2. List the prime factors of o.
2, 5
Suppose 6*n - 131 = 115. Let v = n + 11. What are the prime factors of v?
2, 13
Let n = 299 - -53. Suppose 16*q = 20*q - n. What are the prime factors of q?
2, 11
Let o(g) = -g**2 + 20*g - 38. Let v be o(18). List the prime factors of 3/(-6) - 105/v.
2, 13
Let j = -24 + 26. Suppose 5 + 5 = 5*y - l, 8 = -2*y - j*l. Let g = 21 + y. List the prime factors of g.
2, 11
Suppose 16 = -5*n - f - 1, 11 = -3*n - f. Let r be 3/2*(-124)/n. Suppose -z + 2*z - 22 = -3*c, -5*z = -c - r. What are the prime factors of z?
13
Let h = -389 + 545. Let s = h - 76. What are the prime factors of s?
2, 5
Let f = 74 - 79. Let o(b) = b**3 + 9*b**2 - 6*b - 11. List the prime factors of o(f).
7, 17
Let l = -2770 - -7297. List the prime factors of l.
3, 503
Suppose -4*f - 551 = -5*f. What are the prime factors of f?
19, 29
Suppose -45*c - 66 = 114. Let z(m) be the first derivative of -3*m**2 - 5*m + 1. List the prime factors of z(c).
19
Let g = -14 + 17. Suppose -20 = -5*d - 4*a, 2*d + g - 23 = -4*a. Suppose -u - 4*v + 54 = -d*u, 3*u = 4*v + 114. List the prime factors of u.
2, 3, 7
Let r(g) = -3*g**3 - 2*g**2 + 2*g + 3. Let a be r(-1). Suppose -5*x - 20 + 497 = a*k, -4*k - 4*x + 960 = 0. List the prime factors of k.
241
List the prime factors of (14 - 2)/((-13)/(-1261)).
2, 3, 97
Suppose d - 5*r - 6269 = 0, -9*d - 6*r = -2*r - 56568. List the prime factors of d.
2, 1571
Suppose -207 = 3*t - u, 2*u + 2*u = -3*t - 192. Let q = t - -146. What are the prime factors of q?
2, 3, 13
Suppose -5*k + u = -11, -5*u = -k - 4*k + 15. Suppose k*l - 188 = 156. What are the prime factors of l?
2, 43
Suppose -10*t = -2960 - 1140. What are the prime factors of t?
2, 5, 41
Let l = -90 - -64. Let a = -14 - l. List the prime factors of a.
2, 3
Suppose 5*l - 7690 = -62*a + 57*a, -4*a + 5*l = -6152. List the prime factors of a.
2, 769
Let a be (-6)/15 - (-8)/20. Let p be a/(-4)*(-1)/(-2). Suppose -5*u + 53 + 72 = p. List the prime factors of u.
5
Suppose 2*l + 57 = -2*i - 11, 0 = 4*i - 3*l + 136. Let a = i - -32. What are the prime factors of (6 - 24)*a/4?
3
Suppose 5*i + 20 = -0. What are the prime factors of 24/i*3/(-2)?
3
Let q(a) = a**3 - 10*a**2 + 12*a - 10. Let x be q(8). Let b = x + 51. List the prime factors of b.
3
Let q(t) be the first derivative of -t**4/4 - t**3 + t**2/2 + 5*t + 12. List the prime factors of q(-5).
2, 5
Let v(w) = w**2 + 13*w + 57. List the prime factors of v(20).
3, 239
Suppose -3*w + 5*s + 32 = 0, 0 = -4*w - 5*s - 3 - 1. Let g(n) = n**3 - n**2 + 3*n - 3. What are the prime factors of g(w)?
3, 19
Let y(w) = -w**2 - w + 13. Let l be y(0). Suppose -5 = o - l. Suppose -4*h + 21 = -g, 0*g = 2*h + 2*g - o. List the prime factors of h.
5
Let p = -1409 + 2434. List the prime factors of p.
5, 41
Let x(r) = -4*r - 6. Let y be x(-3). List the prime factors of 2191/17 + y/51.
3, 43
Suppose -5*b - 110 = -4*y, -y - y = b + 8. List the prime factors of ((-294)/(-10))/(b/(-90)).
3, 7
Suppose 24 = -l + 7*l. Let u be 2 - -2*l*-4. Let j = u - -60. List the prime factors of j.
2, 3, 5
Let o(s) be the second derivative of 1/2*s**3 + 1/12*s**4 + s**2 - 3*s + 0. What are the prime factors of o(-6)?
2, 5
Let s = -2 - -2. Suppose s = n - 22 - 58. Suppose -5*g = 3*q - 139, 0 = 5*q + 4*g - n - 156. What are the prime factors of q?
2, 3
Let d be 29 + -3*2/(-3). Suppose p - 27 = d. What are the prime factors of p?
2, 29
Let w = 1065 + -535. List the prime factors of w.
2, 5, 53
Let t(n) = -n**3 + 4*n**2 - 3*n. Let j be t(2). Let s = -45 - -57. Suppose k - s = -j*k. What are the prime factors of k?
2
Let f(t) = -7*t**3 - t**2 - 19*t - 3. Let s be 3 + -1 + 1 + -2. Let k(p) = -p**3 + p**2 - p. Let i(d) = s*f(d) - 6*k(d). What are the prime factors of i(-5)?
2, 3
Let c be 1 - (-1 + 2) - 288/24. What are the prime factors of (4/(c/(-3)))/(-1)*-61?
61
Let n(y) be the second derivative of y**4/2 - y**3 + 7*y**2/2 - 6*y. What are the prime factors of n(3)?
43
List the prime factors of (7 - 30/6) + -4 + 870.
2, 7, 31
Let s = -1319 - -1598. List the prime factors of s.
3, 31
Suppose 4*l + 19 = 3*l. Let w = l - -37. List the prime factors of w + 1*(-1 - -1).
2, 3
Suppose -1189 = -k - 3*f + 126, 0 = -4*f - 20. What are the prime factors of (-20)/130 + k/26?
3, 17
Let p(t) = -79*t + 17. Let s be p(-3). Suppose -4*x + q + s = -211, 228 = 2*x + 4*q. What are the prime factors of x?
2, 29
Let x(o) = o - 1. Suppose -7*q = -4*q - 57. Suppose -5 = -0*n + n - 2*j, -5*n = j - q. What are the prime factors of x(n)?
2
Let x be 1 - (-1 + -11 + 5). Suppose 1235 = x*m + 267. List the prime factors of m.
11
Let i be 1 + 36/(-8)*2/(-3). Suppose 5*w + i*b - 105 + 1 = 0, 5*w + 5*b = 105. List the prime factors of w.
2, 5
Let q(z) = -z - 7. Let b(t) = -5*t - 35. Let s(c) = -2*b(c) + 11*q(c). Let l be s(-12). Suppose l*p + 0*p = 80. What are the prime factors of p?
2
Suppose 604 = 5*q - 3*m - 503, 0 = -3*q - 3*m + 645. What are the prime factors of q?
3, 73
Let b(h) = h**3 + 17*h**2 - 103*h + 1. What are the prime factors of b(-19)?
2, 3, 103
Let h(y) = -y**3 + y**2 - y + 3. Let x(b) = b**2 + b - 1. Let l(k) = h(k) + 4*x(k). Let q = -13 - -18. List the prime factors of l(q).
2, 7
Let t = 201 - -75. List the prime factors of t.
2, 3, 23
Let f = 8 + 3. Let r be (f - 15)*7/(-2). Let p = 45 - r. What are the prime factors of p?
31
Let n be ((-56)/12)/(4/6). Let k be (-2)/n - 382/14. Let q = 40 + k. What are the prime factors of q?
13
Let f = -33 + 33. Suppose f = 6*u - 144 - 132. List the prime factors of u.
2, 23
Suppose 12*b + 1 = 11*b. Let n be 0*1/1*b. Suppose -5*j + 0*j + 3*h + 44 = n, 18 = 2*j - h. List the prime factors of j.
2, 5
What are the prime factors of (-4)/6*723/(-2)?
241
Let o = 10 + 4. Suppose 4*l = -34 + o. Let w(i) = i**3 + 6*i**2 - 3*i. List the prime factors of w(l).
2, 5
Let v = -15 - -61. Suppose 5*j = -v + 306. What are the prime factors of j?
2, 13
Suppose -9 = 2*n - 13. Suppose 84 = x + n*x. Suppose k - 4*r = x, -5*k - 6*r + 140 = -r. What are the prime factors of k?
2, 7
Let d(s) = s**2 - 4*s + 18. Suppose -2*h + 67 = 5*b + 12, 0 = -5*b - 3*h + 60. What are the prime factors of d(b)?
3, 7
Suppose -5*u - 4*b = 2, -u - b = 2*u - 3. Suppose r = -u*r + 15. Suppose -26 = -2*d + n, r*d = -2*n + 55 + 10. List the prime factors of d.
13
Suppose -71 = -4*q - 15. Suppose -q - 40 = -3*d. Let z = d - 3. What are the prime factors of z?
3, 5
Let p(o) = -o**3 + o**2. Let s = -3 - -4. Let d be p(s). Suppose d = 2*z + 16 - 66. List the prime factors of z.
5
List the prime factors of 15086/11 + (-60)/(-110).
2, 7
Let u(m) = m**3 + 16*m**2 + 8*m - 23. Suppose 4*n - n = -45. List the prime factors of u(n).
2, 41
Suppose 0 = 41*q - 36*q + 125. Let k(l) = -l**3 - 25*l**2 - 10*l - 37. List the prime factors of k(q).
3, 71
Suppose -6*h + 7484 = -8200. List the prime factors of h.
2, 1307
Let r(w) be the third derivative of w**6/120 - w**5/60 + w**4/24 - w**3/3 - 4*w**2. What are the prime factors of r(3)?
19
Suppose -4*r - 352 = -12*r. List the prime factors of r + 0 + -2 - (-2)/2.
43
Let q(h) = -2*h - 14. Let l be q(-9). Suppose 0 = 4*s - 16, 2*c - c = l*s + 45. What are the prime factors of c?
61
Let v(f) be the first derivative of 8*f - 1/3*f**3 - 5*f**2 + 4. What are the prime factors of v(-9)?
17
Let g = -13 + 57. Let t = 88 - g. What are the prime factors of t - ((-7 - -4) + 5)?
2, 3, 7
Let q = -52 - -52. Suppose q = 5*g + 24 - 344. List the prime factors of g.
2
Let o(i) = 66*i - 236. List the prime factors of o(50).
2, 383
Let k(p) = 400*p - 179. What are the prime factors of k(6)?
2221
Let y(n) be the third derivative of -n**4/8 - n**3/6 + n**2. Let g(p) = 6*p + 6. Let d be g(-2). What are the prime factors of y(d)?
17
Suppose 0 = -2*b - 2*b + 8, -3*b = a - 15. Let y = 62 - 58. List the prime factors of 18/y*4/a.
2
Suppose -2159 = -26*t + 909. List the prime factors of t.
2, 59
Let t(l) = -3*l - 9. Let g be t(-6). Let x be 26 + (g/(-3) - -3). Suppose -3*s = -s - x. List the prime factors of s.
13
Let b(j) = -3*j - 6. Let y be b(-2). Let a(n) = 2*n + 5 + 2*n + y*n - 3*n.